{"id":661,"date":"2021-03-06T20:20:13","date_gmt":"2021-03-06T20:20:13","guid":{"rendered":"https:\/\/mastercom.es\/producto\/alarma-para-vivienda-con-mando-a-distancia-3-ventanas-y-alarma-de-puerta-1-mando-a-distancia-ampliable-sistema-de-alarma-de-puerta-app-alarma-a-traves-de-la-red-movil-juego-de-5-piezas\/"},"modified":"2021-03-06T20:20:13","modified_gmt":"2021-03-06T20:20:13","slug":"alarma-para-vivienda-con-mando-a-distancia-3-ventanas-y-alarma-de-puerta-1-mando-a-distancia-ampliable-sistema-de-alarma-de-puerta-app-alarma-a-traves-de-la-red-movil-juego-de-5-piezas","status":"publish","type":"product","link":"https:\/\/fullquality.es\/index.php\/product\/alarma-para-vivienda-con-mando-a-distancia-3-ventanas-y-alarma-de-puerta-1-mando-a-distancia-ampliable-sistema-de-alarma-de-puerta-app-alarma-a-traves-de-la-red-movil-juego-de-5-piezas\/","title":{"rendered":"Alarma para Vivienda con Mando a Distancia, 3 Ventanas y Alarma de Puerta, 1 Mando a Distancia, Ampliable, Sistema de Alarma de Puerta, App Alarma a trav\u00e9s de la Red m\u00f3vil (Juego de 5 Piezas)"},"content":{"rendered":"<p>[et_pb_section fb_built=&#8221;1&#8243; _builder_version=&#8221;3.22&#8243; custom_padding=&#8221;0px||||false|false&#8221;][et_pb_row _builder_version=&#8221;3.25&#8243; background_size=&#8221;initial&#8221; background_position=&#8221;top_left&#8221; background_repeat=&#8221;repeat&#8221; width=&#8221;100%&#8221; custom_padding=&#8221;0px||0px||false|false&#8221;][et_pb_column type=&#8221;4_4&#8243; _builder_version=&#8221;3.25&#8243; custom_padding=&#8221;|||&#8221; custom_padding__hover=&#8221;|||&#8221;][et_pb_wc_breadcrumb _builder_version=&#8221;3.0.47&#8243;][\/et_pb_wc_breadcrumb][et_pb_wc_cart_notice _builder_version=&#8221;3.0.47&#8243;][\/et_pb_wc_cart_notice][\/et_pb_column][\/et_pb_row][et_pb_row column_structure=&#8221;1_2,1_2&#8243; _builder_version=&#8221;3.25&#8243; background_size=&#8221;initial&#8221; background_position=&#8221;top_left&#8221; background_repeat=&#8221;repeat&#8221; width=&#8221;100%&#8221; custom_padding=&#8221;0px||||false|false&#8221;][et_pb_column type=&#8221;1_2&#8243; _builder_version=&#8221;3.25&#8243; custom_padding=&#8221;|||&#8221; custom_padding__hover=&#8221;|||&#8221;][et_pb_wc_images _builder_version=&#8221;4.9.2&#8243; custom_margin=&#8221;7px||0px||false|false&#8221; custom_padding=&#8221;0px||0px||false|false&#8221; box_shadow_style_image=&#8221;preset2&#8243;][\/et_pb_wc_images][\/et_pb_column][et_pb_column type=&#8221;1_2&#8243; _builder_version=&#8221;3.25&#8243; custom_padding=&#8221;|||&#8221; custom_padding__hover=&#8221;|||&#8221;][et_pb_wc_title _builder_version=&#8221;3.0.47&#8243;][\/et_pb_wc_title][et_pb_wc_rating _builder_version=&#8221;3.0.47&#8243;][\/et_pb_wc_rating][et_pb_wc_price _builder_version=&#8221;3.0.47&#8243;][\/et_pb_wc_price][et_pb_wc_description _builder_version=&#8221;3.0.47&#8243;][\/et_pb_wc_description][et_pb_wc_add_to_cart _builder_version=&#8221;3.0.47&#8243;][\/et_pb_wc_add_to_cart][et_pb_wc_meta _builder_version=&#8221;3.0.47&#8243;][\/et_pb_wc_meta][\/et_pb_column][\/et_pb_row][et_pb_row _builder_version=&#8221;3.25&#8243; background_size=&#8221;initial&#8221; background_position=&#8221;top_left&#8221; background_repeat=&#8221;repeat&#8221; width=&#8221;100%&#8221;][et_pb_column type=&#8221;4_4&#8243; _builder_version=&#8221;3.25&#8243; custom_padding=&#8221;|||&#8221; custom_padding__hover=&#8221;|||&#8221;][et_pb_wc_tabs _builder_version=&#8221;3.0.47&#8243;]\t\t\t\t\t[\/et_pb_wc_tabs][et_pb_wc_upsells columns_number=&#8221;3&#8243; _builder_version=&#8221;3.0.47&#8243;][\/et_pb_wc_upsells][et_pb_wc_related_products columns_number=&#8221;3&#8243; _builder_version=&#8221;3.0.47&#8243;][\/et_pb_wc_related_products][\/et_pb_column][\/et_pb_row][\/et_pb_section]<\/p>\n","protected":false},"excerpt":{"rendered":"<p>Control remoto de la aplicaci\u00f3n: la aplicaci\u00f3n para smartphone iOS\/Android es gratuita. Si se abre \u00e1reas de entrada importantes como ventanas o puertas o cuando se detecta movimiento, recibir\u00e1s notificaciones instant\u00e1neas en tu aplicaci\u00f3n Smart Life (idioma espa\u00f1ol no garantizado).<br \/>\n[Estaci\u00f3n base con 120 decibelios] La estaci\u00f3n base es una alarma con un tono de alarma de 120 decibelios para detener a los intrusos. Se recomienda encender el sistema continuamente. La bater\u00eda integrada solo puede funcionar como bater\u00eda de emergencia. Soporta hasta 20 sensores y 5 mandos a distancia.<br \/>\n[Mejor sistema de alarma en casa] El hogar contiene 1 estaci\u00f3n base, 3 ventanas y alarma de puerta, 1 mando a distancia, 1 fuente de alimentaci\u00f3n, 1 manual de usuario (idioma espa\u00f1ol no garantizado), soporte de montaje y cinta adhesiva. Con el tiempo, todos los sensores y mandos a distancia se han conectado a la estaci\u00f3n base. No se necesitan tasas de instalaci\u00f3n o cuotas mensuales de vigilancia.<\/p>\n","protected":false},"featured_media":666,"comment_status":"open","ping_status":"closed","template":"","meta":{"_et_pb_use_builder":"on","_et_pb_old_content":"[gallery]\n<div class=\"disclaim\">Nombre de estilo:<strong>DP-W2-5P<\/strong><\/div><!-- show up to 2 reviews by default --><p><\/p><p>Soluci\u00f3n de errores (sensores o mandos a distancia no funcionan correctamente. <\/p><p><\/p><p>Inicia la estaci\u00f3n base: pulsa el bot\u00f3n SET durante 8 segundos y suelta el bot\u00f3n SET cuando escuches 2 pitidos seguidos de 3 pitidos. Una vez que se inici\u00f3 la estaci\u00f3n base, el restablecimiento es r\u00e1pido y f\u00e1cil. El procedimiento incluye la eliminaci\u00f3n de todos los sensores y mandos a distancia de la estaci\u00f3n base. <\/p><p>As\u00ed conectar\u00e1s el sistema de alarma a tu red inal\u00e1mbrica dom\u00e9stica (modo AP). <\/p><p><\/p><p>Pulsa el bot\u00f3n SET durante 5 segundos y suelta el bot\u00f3n SET cuando escuches 2 pitidos. Despu\u00e9s de que la estaci\u00f3n base se haya entrado en el modo de conexi\u00f3n Wi-Fi, la luz roja parpadea lentamente (2 segundos \/ tiempo). <\/p><p>Pulsa el modo EZ arriba a la derecha y cambia al modo AP. <\/p><p>Seleccione abajo \"confirma que el indicador parpadea lentamente\". Haz clic en \"Continuar\". <\/p><p><\/p>\nControl remoto de la aplicaci\u00f3n: la aplicaci\u00f3n para smartphone iOS\/Android es gratuita. Si se abre \u00e1reas de entrada importantes como ventanas o puertas o cuando se detecta movimiento, recibir\u00e1s notificaciones instant\u00e1neas en tu aplicaci\u00f3n Smart Life (idioma espa\u00f1ol no garantizado).\n[Estaci\u00f3n base con 120 decibelios] La estaci\u00f3n base es una alarma con un tono de alarma de 120 decibelios para detener a los intrusos. Se recomienda encender el sistema continuamente. La bater\u00eda integrada solo puede funcionar como bater\u00eda de emergencia. Soporta hasta 20 sensores y 5 mandos a distancia.\n[Mejor sistema de alarma en casa] El hogar contiene 1 estaci\u00f3n base, 3 ventanas y alarma de puerta, 1 mando a distancia, 1 fuente de alimentaci\u00f3n, 1 manual de usuario (idioma espa\u00f1ol no garantizado), soporte de montaje y cinta adhesiva. Con el tiempo, todos los sensores y mandos a distancia se han conectado a la estaci\u00f3n base. No se necesitan tasas de instalaci\u00f3n o cuotas mensuales de vigilancia.\n[Control SOS] Puede ser f\u00e1cilmente controlado por activaci\u00f3n, desactivado y modo de inicio con un simple mando a distancia. En caso de emergencia, tambi\u00e9n puedes buscar ayuda pulsando el bot\u00f3n \"SOS\" para enviar una se\u00f1al de ayuda.\n[Activaci\u00f3n \/ desactivaci\u00f3n autom\u00e1tica] Al activar\/desactivar autom\u00e1ticamente, puedes establecer un calendario para activar y desactivar el sistema de alarma en la aplicaci\u00f3n Smart Life (idioma espa\u00f1ol no garantizado). Crear un sistema de seguridad Smart Home para proteger tu casa y tu familia.\n[amz_corss_sell asin=\"B08F9ZT1C7\"]","_et_gb_content_width":""},"product_brand":[],"product_cat":[77,140,189,153],"product_tag":[],"class_list":{"0":"post-661","1":"product","2":"type-product","3":"status-publish","4":"has-post-thumbnail","6":"product_cat-bricolaje-y-herramientas","7":"product_cat-prevencion-y-seguridad","8":"product_cat-sensores-de-movimiento","9":"product_cat-sistemas-de-seguridad-para-el-hogar","11":"first","12":"instock","13":"shipping-taxable","14":"product-type-external"},"_links":{"self":[{"href":"https:\/\/fullquality.es\/index.php\/wp-json\/wp\/v2\/product\/661","targetHints":{"allow":["GET"]}}],"collection":[{"href":"https:\/\/fullquality.es\/index.php\/wp-json\/wp\/v2\/product"}],"about":[{"href":"https:\/\/fullquality.es\/index.php\/wp-json\/wp\/v2\/types\/product"}],"replies":[{"embeddable":true,"href":"https:\/\/fullquality.es\/index.php\/wp-json\/wp\/v2\/comments?post=661"}],"wp:featuredmedia":[{"embeddable":true,"href":"https:\/\/fullquality.es\/index.php\/wp-json\/"}],"wp:attachment":[{"href":"https:\/\/fullquality.es\/index.php\/wp-json\/wp\/v2\/media?parent=661"}],"wp:term":[{"taxonomy":"product_brand","embeddable":true,"href":"https:\/\/fullquality.es\/index.php\/wp-json\/wp\/v2\/product_brand?post=661"},{"taxonomy":"product_cat","embeddable":true,"href":"https:\/\/fullquality.es\/index.php\/wp-json\/wp\/v2\/product_cat?post=661"},{"taxonomy":"product_tag","embeddable":true,"href":"https:\/\/fullquality.es\/index.php\/wp-json\/wp\/v2\/product_tag?post=661"}],"curies":[{"name":"wp","href":"https:\/\/api.w.org\/{rel}","templated":true}]}}