{"id":516,"date":"2020-09-01T11:34:11","date_gmt":"2020-09-01T11:34:11","guid":{"rendered":"https:\/\/mastercom.es\/producto\/elegoo-actualizado-37-en-1-kit-de-modulos-de-sensores-con-tutorial-compatible-con-arduino-uno-r3-mega-2560-nano-raspberry\/"},"modified":"2020-09-01T11:34:11","modified_gmt":"2020-09-01T11:34:11","slug":"elegoo-actualizado-37-en-1-kit-de-modulos-de-sensores-con-tutorial-compatible-con-arduino-uno-r3-mega-2560-nano-raspberry","status":"publish","type":"product","link":"https:\/\/fullquality.es\/index.php\/product\/elegoo-actualizado-37-en-1-kit-de-modulos-de-sensores-con-tutorial-compatible-con-arduino-uno-r3-mega-2560-nano-raspberry\/","title":{"rendered":"ELEGOO Actualizado 37-en-1 Kit de M\u00f3dulos de Sensores con Tutorial Compatible con Arduino UNO R3 Mega 2560 Nano\u2026"},"content":{"rendered":"<p><br \/>\nHaz clic aqu\u00ed para comprobar si este producto es compatible con tu modelo<br \/>\nActualizado a partir de la versi\u00f3n anterior (otros): Recibimos grandes ideas de nuestros clientes y se adopt\u00f3 en este kit actualizado.<br \/>\nSe ha eliminado el vaso de luz y el m\u00f3dulo de mercurio que est\u00e1n prohibidos en Europa. (37 kits de sensores de otros vendedores tienen mercurio, preste atenci\u00f3n.)<br \/>\nEliminados m\u00f3dulos in\u00fatiles como el sensor de latido, dos de los sensores de pasillo, uno de los dos sensores de color. Agregado m\u00f3dulos \u00fatiles como el m\u00f3dulo del aceler\u00f3metro GY-521, la pantalla LCD1602, el m\u00f3dulo del reloj en tiempo real DS3231 etc.<br \/>\nTutorial actualizado s\u00f3lo para UNO R3, MEGA 2560 R3, NANO en CD, lista de papel, resistores pack s\u00f3lo del Equipo Elegoo. Hay tutoriales en el CD que viene con. Tambi\u00e9n puede descargar los mismos tutoriales en l\u00ednea en el siguiente enlace: http:\/\/bit.ly\/2jKlJMO<br \/>\n100% compatible con Arduino, Raspberry Pi y STM32.<br \/>\n[amz_corss_sell asin=&#8221;B01M2D2TJU&#8221;]<\/p>\n","protected":false},"excerpt":{"rendered":"<p>Haz clic aqu\u00ed para comprobar si este producto es compatible con tu modelo<br \/>\nActualizado a partir de la versi\u00f3n anterior (otros): Recibimos grandes ideas de nuestros clientes y se adopt\u00f3 en este kit actualizado.<br \/>\nSe ha eliminado el vaso de luz y el m\u00f3dulo de mercurio que est\u00e1n prohibidos en Europa. (37 kits de sensores de otros vendedores tienen mercurio, preste atenci\u00f3n.)<\/p>\n","protected":false},"featured_media":517,"comment_status":"open","ping_status":"closed","template":"","meta":{"_et_pb_use_builder":"","_et_pb_old_content":"","_et_gb_content_width":""},"product_brand":[],"product_cat":[170,102],"product_tag":[],"class_list":{"0":"post-516","1":"product","2":"type-product","3":"status-publish","4":"has-post-thumbnail","6":"product_cat-barebones","7":"product_cat-informatica","9":"first","10":"instock","11":"shipping-taxable","12":"product-type-external"},"_links":{"self":[{"href":"https:\/\/fullquality.es\/index.php\/wp-json\/wp\/v2\/product\/516","targetHints":{"allow":["GET"]}}],"collection":[{"href":"https:\/\/fullquality.es\/index.php\/wp-json\/wp\/v2\/product"}],"about":[{"href":"https:\/\/fullquality.es\/index.php\/wp-json\/wp\/v2\/types\/product"}],"replies":[{"embeddable":true,"href":"https:\/\/fullquality.es\/index.php\/wp-json\/wp\/v2\/comments?post=516"}],"wp:featuredmedia":[{"embeddable":true,"href":"https:\/\/fullquality.es\/index.php\/wp-json\/"}],"wp:attachment":[{"href":"https:\/\/fullquality.es\/index.php\/wp-json\/wp\/v2\/media?parent=516"}],"wp:term":[{"taxonomy":"product_brand","embeddable":true,"href":"https:\/\/fullquality.es\/index.php\/wp-json\/wp\/v2\/product_brand?post=516"},{"taxonomy":"product_cat","embeddable":true,"href":"https:\/\/fullquality.es\/index.php\/wp-json\/wp\/v2\/product_cat?post=516"},{"taxonomy":"product_tag","embeddable":true,"href":"https:\/\/fullquality.es\/index.php\/wp-json\/wp\/v2\/product_tag?post=516"}],"curies":[{"name":"wp","href":"https:\/\/api.w.org\/{rel}","templated":true}]}}