{"id":509,"date":"2020-09-01T11:33:57","date_gmt":"2020-09-01T11:33:57","guid":{"rendered":"https:\/\/mastercom.es\/producto\/elegoo-120-piezas-de-cable-dupont-40-pines-macho-hembra-40-pines-macho-macho-40-pines-hembra-hembra-cables-puente-para-placas-prototipo-protoboard-para-arduino\/"},"modified":"2020-09-01T11:33:57","modified_gmt":"2020-09-01T11:33:57","slug":"elegoo-120-piezas-de-cable-dupont-40-pines-macho-hembra-40-pines-macho-macho-40-pines-hembra-hembra-cables-puente-para-placas-prototipo-protoboard-para-arduino","status":"publish","type":"product","link":"https:\/\/fullquality.es\/index.php\/product\/elegoo-120-piezas-de-cable-dupont-40-pines-macho-hembra-40-pines-macho-macho-40-pines-hembra-hembra-cables-puente-para-placas-prototipo-protoboard-para-arduino\/","title":{"rendered":"ELEGOO 120 Piezas de Cable DuPont, 40 Pines Macho-Hembra, 40 Pines Macho-Macho, 40 Pines Hembra-Hembra, Cables Puente\u2026"},"content":{"rendered":"<p><br \/>\nCada cable mide sobre 20cm\/8 pulgadas. Calibre de Cable: 28 AWG.<br \/>\nLos cables pueden separarse para formar un conjunto que contenga el n\u00famero de cables que necesita para su conexi\u00f3n y de esa forma adaptarse a conectores impares no est\u00e1ndar<br \/>\nIncluye: 1&#215;40 pines macho-hembra cables puente 1&#215;40 pines hembra-macho cables puente 1&#215;40 pines hembra-hembra cables puente<br \/>\nSiempre nos hemos preocupado por ofrecer la mejor experiencia al cliente y por mejorar los detalles de funcionamiento de nuestros productos.<br \/>\nMaterial: Aluminio revestido de cobre (CCA) con caracter\u00edsticas de buena conductividad el\u00e9ctrica, baja densidad y resistente a la corrosi\u00f3n. Tambi\u00e9n es f\u00e1cil de soldar.<br \/>\n[amz_corss_sell asin=&#8221;B01NGTXASZ&#8221;]<\/p>\n","protected":false},"excerpt":{"rendered":"<p>Cada cable mide sobre 20cm\/8 pulgadas. Calibre de Cable: 28 AWG.<br \/>\nLos cables pueden separarse para formar un conjunto que contenga el n\u00famero de cables que necesita para su conexi\u00f3n y de esa forma adaptarse a conectores impares no est\u00e1ndar<br \/>\nIncluye: 1&#215;40 pines macho-hembra cables puente 1&#215;40 pines hembra-macho cables puente 1&#215;40 pines hembra-hembra cables puente<\/p>\n","protected":false},"featured_media":510,"comment_status":"open","ping_status":"closed","template":"","meta":{"_et_pb_use_builder":"","_et_pb_old_content":"","_et_gb_content_width":""},"product_brand":[],"product_cat":[77,171,103],"product_tag":[],"class_list":{"0":"post-509","1":"product","2":"type-product","3":"status-publish","4":"has-post-thumbnail","6":"product_cat-bricolaje-y-herramientas","7":"product_cat-cables","8":"product_cat-instalacion-electrica","10":"first","11":"instock","12":"shipping-taxable","13":"product-type-external"},"_links":{"self":[{"href":"https:\/\/fullquality.es\/index.php\/wp-json\/wp\/v2\/product\/509","targetHints":{"allow":["GET"]}}],"collection":[{"href":"https:\/\/fullquality.es\/index.php\/wp-json\/wp\/v2\/product"}],"about":[{"href":"https:\/\/fullquality.es\/index.php\/wp-json\/wp\/v2\/types\/product"}],"replies":[{"embeddable":true,"href":"https:\/\/fullquality.es\/index.php\/wp-json\/wp\/v2\/comments?post=509"}],"wp:featuredmedia":[{"embeddable":true,"href":"https:\/\/fullquality.es\/index.php\/wp-json\/"}],"wp:attachment":[{"href":"https:\/\/fullquality.es\/index.php\/wp-json\/wp\/v2\/media?parent=509"}],"wp:term":[{"taxonomy":"product_brand","embeddable":true,"href":"https:\/\/fullquality.es\/index.php\/wp-json\/wp\/v2\/product_brand?post=509"},{"taxonomy":"product_cat","embeddable":true,"href":"https:\/\/fullquality.es\/index.php\/wp-json\/wp\/v2\/product_cat?post=509"},{"taxonomy":"product_tag","embeddable":true,"href":"https:\/\/fullquality.es\/index.php\/wp-json\/wp\/v2\/product_tag?post=509"}],"curies":[{"name":"wp","href":"https:\/\/api.w.org\/{rel}","templated":true}]}}